Suppose -2*i = -6 - 2. Determine z(i).
-6
Suppose -29 = 3*y - a, -5*y + 5*a = -0*y + 65. Let q be (-16)/(-10) + y/(-20). Suppose 6 = -q*b - 4. Let l(p) = p**3 + 5*p**2 - 6. What is l(b)?
-6
Let f = 40 + -20. Suppose w - f = 6*w. Let x(v) = -v**3 - 6*v**2 - 4*v + 4. Calculate x(w).
-12
Let d(v) = -v**3 + 2*v**2 + 2*v - 4. Let h(b) = -b**2 + b. Let f(q) = -d(q) - 2*h(q). Calculate f(3).
19
Let r(h) = 3*h**3 - 2*h**2 + 2*h - 1. Let k be (-279)/(-217) - 2/7. What is r(k)?
2
Let h(g) = g. Let v(a) = -3*a. Let w(b) = 4*h(b) + v(b). Calculate w(-1).
-1
Let s(y) = y**2 + 1. Let x be s(-2). Let d(g) = 4*g + 1 + 2*g + 0 - 7*g. What is d(x)?
-4
Let q(v) = v**3 + 6*v**2 + v + 4. Let f = 16 - 22. Give q(f).
-2
Let n be 2/3 + (-325)/(-39). Let q(c) = -c**3 + 8*c**2 + 10*c - 12. Calculate q(n).
-3
Suppose -44 = -4*q - 4*i, 2*i - 29 = -3*q - 0*i. Let s = 8 - 11. Let c = s + q. Let h(f) = -f**3 + 4*f**2 + 4. Calculate h(c).
4
Let p be -3 + 0/((-8)/4). Let o be 3 + 1 + -1 + p. Let g(z) = z + 8. What is g(o)?
8
Let t = 3 + -1. Let q(v) = -v**2 - 2 - 3*v + 3*v. Calculate q(t).
-6
Let a be 2/2*(-3 + -2). Let y(s) = s + 7. Let o be y(a). Let z(r) = 2*r - r**o + 0*r - 2*r**2 + 4*r**2. Give z(-4).
8
Let x(t) = -t**3 + 5*t**2 + 5*t + 5. Let c be (5/((-50)/(-12)))/(2/10). Determine x(c).
-1
Let g(j) = j**3 - j**2 - 3*j - 3. Suppose 2*x = 2 - 16. Let p be 6/21 - (-16)/x. Give g(p).
-9
Let s(a) be the second derivative of -a**4/12 + 2*a**3/3 - 3*a**2/2 - 9*a. Give s(2).
1
Let s = 7 - 4. Let b(w) = w - 3. Let k(o) = o - 2. Let r(v) = 2*b(v) - 3*k(v). Give r(s).
-3
Let b(l) = 0*l**2 - 270 + 4*l + 132 + 141 + l**2. Determine b(-3).
0
Let k(s) = 11*s**3 + 4*s**2 - 4*s - 4. Let f(n) = 5*n**3 + 2*n**2 - 2*n - 2. Let a(w) = -9*f(w) + 4*k(w). Give a(-2).
-2
Let c(r) = r**2 + 4*r + 4. Suppose 5*j - 3*p = 30, 0*p + 14 = 3*j - p. Let o(t) = 0 + t**2 - 2*t - t - 4. Let q be o(j). Calculate c(q).
4
Let z(h) = -h**3 - 2*h**2 - 2*h + 2. Let q be (1/2 - 1)*-8. Suppose -2*b = -2*v, -v + 5 = -q*b - 1. Determine z(b).
6
Let s(r) be the third derivative of r**5/60 + 3*r**4/8 + 7*r**3/6 + 5*r**2. What is s(-6)?
-11
Let k(i) = -i**2 + 9*i - 1. Let h(w) = -3*w**2 + 28*w - 2. Let o(d) = -2*h(d) + 7*k(d). Determine o(7).
-3
Suppose j = 3*c - 0 + 4, 12 = -j - c. Let v(p) = -p - 19. Determine v(j).
-11
Suppose -3*j = -j + 26. Let a(m) = 15*m**2 + 11*m + 13. Let s = 14 + -8. Let z(c) = 7*c**2 + 5*c + 6. Let i(k) = j*z(k) + s*a(k). Determine i(0).
0
Let s be ((-3)/(-2))/(6/(-8)). Let p be s/(-8) + (-237)/(-12). Suppose 5*y - 6*r + p = -r, 4*r = -5*y - 29. Let t(m) = -m**3 - 4*m**2 + 6*m - 1. What is t(y)?
-6
Let q(y) = y**3 + y - 4. Let r = 80 + -77. Calculate q(r).
26
Let v(u) be the first derivative of u**6/120 + u**5/20 - u**4/6 - 2*u**3/3 + u**2/2 - 1. Let l(k) be the second derivative of v(k). Calculate l(-3).
8
Let z(u) = -10*u + 2. Let j(p) = -7*p + 1. Let l(d) = 7*j(d) - 5*z(d). Give l(11).
8
Let o = -2 - -6. Suppose 2*a - 1 = -3*k, 2*k = 2*a + o*k. Let q(f) = 5*f**3 + f + 1. Calculate q(a).
-5
Let r(j) = j**2 - 4. Let d(m) = -m**2 + 8*m - 15. Let a be d(6). Calculate r(a).
5
Let w(x) = 6*x + 2. Let f(m) = 2*m + 1. Let k(r) = 11*f(r) - 4*w(r). Calculate k(7).
-11
Let u(l) = 6 - 1 + 1 - 5. Let v(k) = -k + 5. Let i(n) = 4*u(n) - v(n). Let g be ((-2)/6)/((-2)/18). Determine i(g).
2
Let r(w) = 4 - 2*w + w + 4*w - 4*w. Determine r(7).
-3
Let t(a) be the second derivative of -a**7/840 + a**6/90 + a**5/40 + a**4/6 - a**3/2 + 2*a. Let w(b) be the second derivative of t(b). Give w(5).
-6
Let v be 22/10 - (-7)/(-35). Let u(x) = -6*x**v + 2 - 2 - 3*x - x**3 - 4*x. Calculate u(-5).
10
Suppose -6*n = 2*n - 3*n. Let u(v) = -v**3 + v**2 + v + 15. Calculate u(n).
15
Let y(p) = -2*p**3 - 22*p**2 - 3. Let l be y(-11). Let k(q) = 2*q + 4. Determine k(l).
-2
Let p(m) = -13*m**2 - m. Let a(g) = g**3 + 4*g**2 - 5*g + 1. Let z be a(-4). Let j = z + -20. Give p(j).
-14
Suppose -5*x + 3 + 2 = 0. Suppose x = -w + 2*g, 2*w + 2*w = 2*g + 2. Let o(r) = r**2. Give o(w).
1
Let d = -7 - -4. Suppose 20 + 0 = 5*q. Let y(c) = q + 1 + 4*c - 3 + c**2. Determine y(d).
-1
Let p(v) = 2*v. Let c(y) = 22*y**2 - y + 1. Let l be c(1). Suppose -5*x = -23 - l. Suppose -3*q - x = 0, 2*s = -3*s - 5*q - 20. Give p(s).
-2
Let v = -122 - -125. Let z(p) = 0*p + p + 0*p. What is z(v)?
3
Let c = -63/2 + 32. Let t(u) be the second derivative of 3*u + 0 + c*u**2 + 1/6*u**3 - 7/20*u**5 + 1/12*u**4. What is t(-1)?
8
Let u(h) = 3 + 7*h - h**2 - 2*h + 0 + 2*h**2. Give u(-5).
3
Let v(b) be the third derivative of 0 + 5/6*b**3 - 4*b**2 + 0*b - 1/6*b**4 - 1/60*b**5. Let f(m) = 2*m + 1. Let t be f(-3). Give v(t).
0
Let y = 39 + -47. Let q(m) = m**2 + 7*m - 9. What is q(y)?
-1
Let d(m) = -m**3 - 5*m**2 - m - 7. Let n = -10 + 13. Suppose 0 = 5*b - n - 12. Suppose b*j - 12 = -0*j, -3*x - 2*j = 7. Determine d(x).
-2
Let f(b) = 43*b + 3. Let l(g) = 14*g + 1. Let s(z) = -2*f(z) + 7*l(z). What is s(1)?
13
Let g(i) = -7*i**2 - i - 1. Let t = 24 - 19. Suppose -t*p - 2 = -3*p. Give g(p).
-7
Let m(q) = q + 1. Let y(g) be the first derivative of g**4/4 - 5*g**3/3 + g**2/2 - 7*g + 1. Let n be y(5). Give m(n).
-1
Let v(l) = -3*l - 4. Let i(a) be the first derivative of -a**2/2 + 6*a + 1. Let q be (-6)/((-1)/(3/2)). Let u be i(q). Calculate v(u).
5
Suppose 6*k - k = -5*m + 55, -k - 2*m + 9 = 0. Let w = k - 18. Let s(z) be the third derivative of z**6/120 + z**5/15 - 5*z**4/24 + z**3 - z**2. Give s(w).
6
Suppose -o = -4 + 1. Let f be 5*(4 + o/(-1)). Let c(n) be the third derivative of -n**4/24 + n**2. Give c(f).
-5
Let v = 1 + 0. Let p(z) be the third derivative of -z**9/15120 - z**8/10080 + z**6/720 - z**5/30 + z**2. Let s(x) be the third derivative of p(x). What is s(v)?
-5
Let t = -7 - -11. Suppose 2*d + 14 = 3*n, -t*n = -n + d - 11. Let b = 0 - n. Let h(l) = -l**2 - 6*l - 6. Give h(b).
2
Suppose -3*p + j = -8, -p - 2*p + 3*j = -6. Let h(r) = 0*r - 2 + r**2 + p*r - 2*r. Determine h(-2).
0
Let s(u) be the third derivative of -u**6/120 + u**5/60 + u**4/24 + 2*u**2. Calculate s(2).
-2
Let c(a) be the third derivative of -a**4/24 - a**3/6 + 5*a**2. Let k = -42 + 30. Let j be k/(-20) + 33/(-5). Calculate c(j).
5
Let f(b) be the second derivative of b**4/12 - b**3/6 - 3*b**2/2 - 18*b. Determine f(0).
-3
Let h(a) = a**2 + 6*a + 8. Let c be h(-5). Let d(p) = p - 6. Let x be d(c). Let u(v) = v + 3. Calculate u(x).
0
Let l(h) = 2 + 2 - 2 - 4 + 2*h. Let m(b) = 3*b - 2. Let t(x) = 5*l(x) - 4*m(x). Give t(-5).
8
Let q(j) = 2*j + 7. Suppose 4 = -h + 14. Let n be (2 - (h + -1)) + 0. Calculate q(n).
-7
Suppose 0 = w + 2*w - 9. Let n(l) = -2 + 4*l + 5 - w. Calculate n(2).
8
Let y(d) = -2 - 5*d**2 + 0*d - d + d**3 + 6*d. Let t be y(4). Let w(v) = -4*v**2 - 2*v**2 - 1 + v + 2*v**t. Calculate w(1).
-4
Let k(d) = d**3 - 5*d**2 - 5*d + 3. Let q(z) = z**2 - 8*z - 3. Let l be q(9). Calculate k(l).
9
Let r(f) = -f**2 - 5*f - 7. Suppose g + 0 = 1. Let c be (g + -3 - -3)*-5. Give r(c).
-7
Let p(c) be the second derivative of 3*c + 0 - 1/6*c**3 + 1/12*c**4 + c**2. Determine p(3).
8
Let m(z) = z**3 - 4*z - 3. Let x be (1*56/20)/((-6)/(-15)). Suppose -18 = 2*r - 0*r. Let s = r + x. Determine m(s).
-3
Let p(s) be the second derivative of -s**3/3 - 2*s**2 + 3*s. What is p(5)?
-14
Let o(f) be the second derivative of 0*f**4 + 8*f - 1/6*f**3 + 1/20*f**5 - f**2 + 0. Calculate o(2).
4
Let q(c) = -4 + 8*c**2 + 4 + 2 + 7*c + 0 - c**3. Give q(9).
-16
Suppose 0 = 4*c + 2*a + 24, a + 4*a = -4*c - 24. Let v(l) = -l**2 - 8*l - 3. Give v(c).
9
Let d(v) = -6*v + 0*v - 7*v - 7*v**2 + 8 + 7*v. Let u(j) = -15*j**2 - 12*j + 17. Let l(r) = -13*d(r) + 6*u(r). Let k = 2 - 8. Give l(k).
-2
Let l(r) = -r + 10. Let q(j) = -j**3 - 10*j**2 + 12*j + 16. Let f be q(-11). Give l(f).
5
Suppose 2*o - 6 = -0*o. Suppose 2*s + 42 = 5*p, -p - 4*s - 4 = -o*p. Let n(k) = 5 + p - 5 - k. Determine n(5).
5
Let r be (-2)/12 + 22/(-12). Let p(d) = -3*d - 2. Give p(r).
4
Let a = -41 - -42. Let q(j) = 4*j - 1. What is q(a)?
3
Let c(d) = d**3 - 5*d**2 - 4*d - 3. Suppose 5*n - 7 = 8. Let z be n + 4*(-9)/(-12). What is c(z)?
9
Let h(x) = -x - 2*x + x + 3. Let l = 1 - -2. Suppose 4 = 3*n - 0*z - 2*z, 2*z - 20 = -l*n. Determine h(n).
-5
Let c(k) be the first derivative of k**3/3 - k**2 + 2*k + 2. Let z(o) = -o + 1. Let a(n) = -2*c(n) + 3*z(